{"id":110,"date":"2022-11-23T10:39:12","date_gmt":"2022-11-23T10:39:12","guid":{"rendered":"https:\/\/www.holm-transporte.de\/?page_id=110"},"modified":"2024-05-28T12:10:12","modified_gmt":"2024-05-28T12:10:12","slug":"unternehmen","status":"publish","type":"page","link":"https:\/\/www.holm-transporte.de\/","title":{"rendered":"Unternehmen"},"content":{"rendered":"\n  \n    \n    <section class=\"u-carousel u-slide u-valign-middle-lg u-valign-middle-md u-valign-middle-sm u-valign-middle-xs u-block-0708-1\" id=\"carousel-479a\" data-image-width=\"2084\" data-image-height=\"1200\" data-interval=\"4000\" data-u-ride=\"carousel\">\n      <ol class=\"u-absolute-hcenter u-carousel-indicators u-block-0708-2\">\n        <li data-u-target=\"#carousel-479a\" class=\"u-active u-grey-30\" data-u-slide-to=\"0\"><\/li>\n      <\/ol>\n      <div class=\"u-carousel-inner\" role=\"listbox\">\n        <div class=\"u-active u-carousel-item u-clearfix u-image u-section-2-1\" src=\"\" data-image-width=\"1600\" data-image-height=\"1200\" style=\"background-image: url(&quot;https:\/\/www.holm-transporte.de\/wp-content\/uploads\/2022\/11\/K1600_1-2.jpg&quot;);\">\n          <div class=\"u-clearfix u-sheet u-sheet-1\">\n            <div class=\"u-container-style u-expanded-width-xs u-group u-hidden-md u-hidden-sm u-hidden-xs u-opacity u-opacity-85 u-palette-5-light-3 u-group-1\">\n              <div class=\"u-container-layout u-container-layout-1\">\n                <h1 class=\"u-align-center u-text u-text-custom-color-4 u-title u-text-1\">Holm<\/h1>\n                <p class=\"u-align-center u-custom-font u-heading-font u-hidden-md u-hidden-sm u-hidden-xs u-large-text u-text u-text-variant u-text-2\">Transporte<\/p>\n                <p class=\"u-align-center u-custom-font u-heading-font u-large-text u-text u-text-variant u-text-3\">GmbH &amp; Co. KG<\/p>\n              <\/div>\n            <\/div>\n          <\/div>\n        <\/div>\n      <\/div>\n      <a class=\"u-absolute-vcenter u-carousel-control u-carousel-control-prev u-text-grey-30 u-block-0708-3\" href=\"#carousel-479a\" role=\"button\" data-u-slide=\"prev\">\n        <span aria-hidden=\"true\">\n          <svg viewBox=\"0 0 477.175 477.175\"><path d=\"M145.188,238.575l215.5-215.5c5.3-5.3,5.3-13.8,0-19.1s-13.8-5.3-19.1,0l-225.1,225.1c-5.3,5.3-5.3,13.8,0,19.1l225.1,225\n                    c2.6,2.6,6.1,4,9.5,4s6.9-1.3,9.5-4c5.3-5.3,5.3-13.8,0-19.1L145.188,238.575z\"><\/path><\/svg>\n        <\/span>\n        <span class=\"sr-only\">Previous<\/span>\n      <\/a>\n      <a class=\"u-absolute-vcenter u-carousel-control u-carousel-control-next u-text-grey-30 u-block-0708-4\" href=\"#carousel-479a\" role=\"button\" data-u-slide=\"next\">\n        <span aria-hidden=\"true\">\n          <svg viewBox=\"0 0 477.175 477.175\"><path d=\"M360.731,229.075l-225.1-225.1c-5.3-5.3-13.8-5.3-19.1,0s-5.3,13.8,0,19.1l215.5,215.5l-215.5,215.5\n                    c-5.3,5.3-5.3,13.8,0,19.1c2.6,2.6,6.1,4,9.5,4c3.4,0,6.9-1.3,9.5-4l225.1-225.1C365.931,242.875,365.931,234.275,360.731,229.075z\"><\/path><\/svg>\n        <\/span>\n        <span class=\"sr-only\">Next<\/span>\n      <\/a>\n    <\/section>\n    <section class=\"skrollable skrollable-between u-align-center u-clearfix u-white u-section-3\" id=\"sec-599f\">\n      <div class=\"u-clearfix u-sheet u-sheet-1\">\n        <h5 class=\"u-text u-text-1\">Herzlich Willkommen bei<\/h5>\n        <h2 class=\"u-text u-text-custom-color-3 u-text-2\"><b style=\"\">Holm Transporte&nbsp;<\/b>\n          <span style=\"font-weight: 700;\">GmbH &amp; Co.KG<\/span>\n        <\/h2>\n        <div class=\"u-border-3 u-border-custom-color-4 u-line u-line-horizontal u-line-1\"><\/div>\n        <p class=\"u-align-center u-custom-font u-heading-font u-text u-text-3\">Zuverl\u00e4ssigkeit und Qualit\u00e4t der Leistungen zeichnen sich bei uns\ndurch jahrelange Erfahrung aus. <br>Wir sind Ihr Partner f\u00fcr den Transport von frischen und tiefgek\u00fchlten\nLebensmittel.&nbsp;<br>Damit Ihre Waren auch \u00fcber gr\u00f6\u00dfere Distanzen sicher\ntransportiert werden k\u00f6nnen und nicht verderben, ist eine l\u00fcckenlose <br>K\u00fchlkette bei uns Voraussetzung.&nbsp;<br>\n          <br>Au\u00dferdem w\u00e4ren wir auch bereit f\u00fcr neue Herausforderungen um&nbsp;Ihre W\u00fcnsche flexibel zu erf\u00fcllen, da die Zufriedenheit unserer\nKunden an erster Stelle steht.<br>&nbsp;<br>Wir freuen uns auf Ihren Auftrag!<br>\n          <br>\n        <\/p>\n      <\/div>\n    <\/section>\n    <section class=\"-lg -sm -xl -xs u-align-center u-clearfix u-white u-section-4\" src=\"\" id=\"carousel_6bbf\">\n      <img decoding=\"async\" class=\"u-expanded-width u-image u-image-1\" src=\"https:\/\/www.holm-transporte.de\/wp-content\/uploads\/2022\/11\/K1600_3-2-2.jpg\" data-animation-name=\"fadeIn\" data-animation-duration=\"1000\" data-animation-delay=\"0\" data-image-width=\"3231\" data-image-height=\"1200\">\n      <div class=\"u-align-left u-container-style u-group u-group-1\">\n        <div class=\"u-container-layout u-container-layout-1\">\n          <h1 class=\"u-text u-text-white u-title u-text-1\">Unsere Leistungen<\/h1>\n          <div class=\"u-border-3 u-border-white u-expanded-width u-line u-line-horizontal u-line-1\" data-animation-name=\"slideIn\" data-animation-duration=\"1000\" data-animation-delay=\"0\" data-animation-direction=\"Left\"><\/div>\n          <ul class=\"u-large-text u-text u-text-body-alt-color u-text-variant u-text-2\">\n            <li>internationale K\u00fchl- und Thermotransporte<\/li>\n            <li> internationale  Frischelogsitik im Lebensmittelbereich<\/li>\n            <li> internationale  Fleischtransporte, h\u00e4ngend oder palettiert<\/li>\n          <\/ul>\n        <\/div>\n      <\/div>\n      <div class=\"u-clearfix u-gutter-20 u-layout-wrap u-white u-layout-wrap-1\">\n        <div class=\"u-gutter-0 u-layout\">\n          <div class=\"u-layout-row\">\n            <div class=\"u-container-align-center u-container-style u-image u-layout-cell u-size-15 u-size-30-md u-image-2\" data-image-width=\"901\" data-image-height=\"1145\" data-animation-name=\"customAnimationIn\" data-animation-duration=\"1000\" style=\"background-image: url(&quot;https:\/\/www.holm-transporte.de\/wp-content\/uploads\/2022\/11\/Leistungen02-2.jpg&quot;);\">\n              <div class=\"u-container-layout u-container-layout-2\"><\/div>\n            <\/div>\n            <div class=\"u-container-align-center u-container-style u-image u-layout-cell u-size-15 u-size-30-md u-image-3\" data-image-width=\"900\" data-image-height=\"1145\" data-animation-name=\"customAnimationIn\" data-animation-duration=\"1000\" style=\"background-image: url(&quot;https:\/\/www.holm-transporte.de\/wp-content\/uploads\/2022\/11\/Leistungen01-2.jpg&quot;);\">\n              <div class=\"u-container-layout u-container-layout-3\"><\/div>\n            <\/div>\n            <div class=\"u-container-align-center u-container-style u-image u-image-default u-layout-cell u-size-15 u-size-30-md u-image-4\" data-image-width=\"1200\" data-image-height=\"1199\" data-animation-name=\"customAnimationIn\" data-animation-duration=\"1000\" style=\"background-image: url(&quot;https:\/\/www.holm-transporte.de\/wp-content\/uploads\/2022\/11\/K1600_41-2.jpg&quot;);\">\n              <div class=\"u-container-layout u-container-layout-4\"><\/div>\n            <\/div>\n            <div class=\"u-container-align-center u-container-style u-image u-image-round u-layout-cell u-radius-5 u-size-15 u-size-30-md u-image-5\" data-image-width=\"768\" data-image-height=\"768\" data-animation-name=\"customAnimationIn\" data-animation-duration=\"1000\" data-animation-delay=\"0\" style=\"background-image: url(&quot;https:\/\/www.holm-transporte.de\/wp-content\/uploads\/2022\/11\/K1600_5-2.jpg&quot;);\">\n              <div class=\"u-container-layout u-container-layout-5\"><\/div>\n            <\/div>\n          <\/div>\n        <\/div>\n      <\/div>\n    <\/section>\n    <section class=\"u-clearfix u-custom-color-4 u-section-5\" id=\"sec-7470\">\n      <div class=\"u-clearfix u-sheet u-sheet-1\"><\/div>\n    <\/section>\n    <section class=\"skrollable skrollable-between u-align-center u-clearfix u-white u-section-6\" id=\"sec-1a63\">\n      <div class=\"u-clearfix u-sheet u-sheet-1\">\n        <h5 class=\"u-text u-text-1\">Holm TransportE&nbsp;GmbH &amp; Co.KG<\/h5>\n        <h2 class=\"u-text u-text-custom-color-3 u-text-2\"><b>Karriere<\/b>\n        <\/h2>\n        <div class=\"u-border-3 u-border-custom-color-2 u-line u-line-horizontal u-line-1\"><\/div>\n        <p class=\"u-align-center u-custom-font u-heading-font u-text u-text-3\">Werde Teil eines jungen, dynamisch wachsenden Transportunternehmen.<\/p>\n      <\/div>\n    <\/section>\n    <section class=\"skrollable skrollable-between u-align-center u-clearfix u-image u-parallax u-shading u-section-7\" src=\"\" id=\"carousel_8591\" data-image-width=\"3231\" data-image-height=\"1200\" style=\"background-image: linear-gradient(0deg, rgba(0, 0, 0, 0.5), rgba(0, 0, 0, 0.5)), url(&quot;https:\/\/www.holm-transporte.de\/wp-content\/uploads\/2022\/11\/K1600_3-2-2.jpg&quot;);\">\n      <div class=\"u-clearfix u-sheet u-sheet-1\">\n        <div class=\"u-align-center u-container-style u-custom-color-4 u-group u-group-1\">\n          <div class=\"u-container-layout u-container-layout-1\">\n            <h2 class=\"u-text u-text-1\">\n              <br>Werde Teil unseres Teams \n            <\/h2>\n            <p class=\"u-text u-text-2\">Hier finden Sie unsere aktuellen Stellenangebote<\/p>\n          <\/div>\n        <\/div>\n        <div class=\"u-align-center u-container-style u-expanded-width u-group u-opacity u-opacity-85 u-white u-group-2\">\n          <div class=\"u-container-layout u-container-layout-2\">\n            <h1 class=\"u-text u-text-3\"> Berufskraftfahrer Im Fern- und Nahverkehr<\/h1>\n            <p class=\"u-text u-text-4\"> F\u00fcr weitere Informationen klicken Sie bitte auf den folgenden Link <a href=\"#sec-f228\" class=\"u-active-none u-border-none u-btn u-button-style u-hover-none u-none u-text-palette-1-base u-btn-1\">-Kontakt-<\/a>\n            <\/p>\n          <\/div>\n        <\/div>\n      <\/div>\n    <\/section>\n    <section class=\"u-clearfix u-white u-section-8\" id=\"sec-6f44\">\n      <div class=\"u-clearfix u-sheet u-valign-bottom-md u-valign-bottom-sm u-valign-bottom-xs u-sheet-1\"><\/div>\n    <\/section>\n    <section class=\"u-clearfix u-custom-color-4 u-section-9\" id=\"sec-f228\">\n      <div class=\"u-clearfix u-sheet u-sheet-1\">\n        <div class=\"data-layout-selected u-clearfix u-expanded-width u-layout-wrap u-layout-wrap-1\">\n          <div class=\"u-layout\">\n            <div class=\"u-layout-row\">\n              <div class=\"u-container-style u-layout-cell u-left-cell u-size-30 u-layout-cell-1\">\n                <div class=\"u-container-layout u-container-layout-1\">\n                  <h1 class=\"u-text u-title u-text-1\">Kontakt<\/h1>\n                  <div class=\"u-border-3 u-border-white u-line u-line-horizontal u-line-1\"><\/div>\n                  <p class=\"u-text u-text-2\"><b>Sergej Holm - Transporte&nbsp;<\/b>\n                    <span style=\"font-weight: 700;\">GmbH &amp; Co.KG<\/span>\n                  <\/p>\n                  <p class=\"u-text u-text-3\"><b>Adresse<\/b>\n                    <br>Stormweg 4 in 49751 S\u00f6gel \n                  <\/p>\n                  <p class=\"u-text u-text-4\"><b>Kontakt<\/b>\n                    <br>Telefon: 05952 94 12 74 0<br>Fax: 05952 94 12 74 1<br>Mail: info@holm-transporte.de \n                  <\/p>\n                <\/div>\n              <\/div>\n              <div class=\"u-container-style u-layout-cell u-right-cell u-size-30 u-layout-cell-2\">\n                <div class=\"u-container-layout u-valign-top u-container-layout-2\">\n                  <div class=\"u-expanded-width u-form u-form-1\">\n                            <script>\n            function onSuccess(event) {\n                if (typeof window.serviceRequest !== 'undefined') {\n                    window.serviceRequest(jQuery(this).find('form'));\n                }\n                var msgContainer = jQuery(event.currentTarget).find('.wpcf7-response-output');\n                msgContainer.removeClass('u-form-send-error').addClass('u-form-send-message u-form-send-success');\n                msgContainer.show();\n                var redirectAddress = jQuery(event.currentTarget).find('[redirect-address]').attr('redirect-address');\n                if (redirectAddress) {\n                    setTimeout(function () {\n                        location.replace(redirectAddress);\n                    }, 2000);\n                }\n            }\n            function onError(event) {\n                var msgContainer = jQuery(event.currentTarget).find('.wpcf7-response-output');\n                msgContainer.removeClass('u-form-send-success').addClass('u-form-send-message u-form-send-error');\n                msgContainer.show();\n            }\n\n            jQuery('body')\n                .on('wpcf7mailsent',   '.u-form .wpcf7', onSuccess)\n                .on('wpcf7invalid',    '.u-form .wpcf7', onError)\n                .on('wpcf7:unaccepted', '.u-form .wpcf7', onError)\n                .on('wpcf7spam',       '.u-form .wpcf7', onError)\n                .on('wpcf7:aborted',    '.u-form .wpcf7', onError)\n                .on('wpcf7mailfailed', '.u-form .wpcf7', onError);\n        <\/script>\n        <style>\n            .u-form .wpcf7-response-output {\n                \/*position: relative !important;*\/\n                margin: 0 !important;\n                bottom: -70px!important;\n            }\n            .u-form .wpcf7 .ajax-loader {\n                margin-left: -24px;\n                margin-right: 0;\n            }\n        <\/style>\n\n<div class=\"wpcf7 no-js\" id=\"wpcf7-f136-o1\" lang=\"de-DE\" dir=\"ltr\">\n<div class=\"screen-reader-response\"><p role=\"status\" aria-live=\"polite\" aria-atomic=\"true\"><\/p> <ul><\/ul><\/div>\n<form action=\"\/index.php?rest_route=%2Fwp%2Fv2%2Fpages%2F110#wpcf7-f136-o1\" method=\"post\" class=\"wpcf7-form init u-block-cd4f-12 u-clearfix u-form-spacing-15 u-form-vertical u-inner-form u-form-custom-backend\" aria-label=\"Kontaktformular\" novalidate=\"novalidate\" data-status=\"init\">\n<div style=\"display: none;\">\n<input type=\"hidden\" name=\"_wpcf7\" value=\"136\" \/>\n<input type=\"hidden\" name=\"_wpcf7_version\" value=\"5.9.5\" \/>\n<input type=\"hidden\" name=\"_wpcf7_locale\" value=\"de_DE\" \/>\n<input type=\"hidden\" name=\"_wpcf7_unit_tag\" value=\"wpcf7-f136-o1\" \/>\n<input type=\"hidden\" name=\"_wpcf7_container_post\" value=\"0\" \/>\n<input type=\"hidden\" name=\"_wpcf7_posted_data_hash\" value=\"\" \/>\n<\/div>\n\n                      <div class=\"u-form-group wpcf7-form-control-wrap u-form-name\">\n                        <label for=\"name-f798\" class=\"u-form-control-hidden u-label\">Name<\/label>\n                        <input type=\"text\" placeholder=\"Bitte Ihren Namen eingeben\" id=\"name-f798\" name=\"name1\" class=\"u-border-white u-input wpcf7-form-control u-input-rectangle\" required=\"\">\n                        <div style=\"position: relative !important; height: 0px; width: 0px; float: left !important;\"><\/div>\n                        <div style=\"position: relative !important; height: 0px; width: 0px; float: left !important;\"><\/div>\n                      <\/div>\n                      <div class=\"u-form-email u-form-group wpcf7-form-control-wrap\">\n                        <label for=\"email-f798\" class=\"u-form-control-hidden u-label\">Email<\/label>\n                        <input type=\"email\" placeholder=\"Bitte Ihre E-Mail Adresse eingeben\" id=\"email-f798\" name=\"email\" class=\"u-border-white u-input wpcf7-form-control u-input-rectangle\" required=\"\">\n                      <\/div>\n                      <div class=\"u-form-group wpcf7-form-control-wrap u-form-message\">\n                        <label for=\"message-f798\" class=\"u-form-control-hidden u-label\">Message<\/label>\n                        <textarea placeholder=\"Bitte Ihre Nachricht eingeben\" rows=\"4\" cols=\"50\" id=\"message-f798\" name=\"message\" class=\"u-border-white u-input wpcf7-form-control u-input-rectangle\" required=\"\"><\/textarea>\n                      <\/div>\n                      <p class=\"u-form-group wpcf7-form-control-wrap u-form-text u-text u-text-5\"> Zu unseren <a href=\"https:\/\/www.holm-transporte.de\/?page_id=112\" class=\"u-active-none u-border-none u-btn u-button-link u-button-style u-hover-none u-none u-text-palette-1-base u-btn-1\" target=\"_blank\">Datenschutzbestimmungen<\/a>\n                      <\/p>\n                      <div class=\"u-form-group wpcf7-form-control-wrap u-form-select u-form-group wpcf7-form-control-wrap-5\">\n                        <label for=\"select-5c74\" class=\"u-label\">Ich akzeptiere die Datenschutzbestimmungen<\/label>\n                        <div class=\"u-form-select-wrapper\">\n                          <select id=\"select-5c74\" name=\"select\" class=\"u-border-white u-input wpcf7-form-control u-input-rectangle\" required=\"required\">\n                            <option value=\"- Bitte ausw\u00e4hlen -\" data-calc=\"\" selected=\"selected\">- Bitte ausw\u00e4hlen -<\/option>\n                            <option value=\"JA\" data-calc=\"JA\">JA<\/option>\n                          <\/select>\n                          <svg class=\"u-caret u-caret-svg\" version=\"1.1\" id=\"Layer_1\" xmlns=\"http:\/\/www.w3.org\/2000\/svg\" xmlns:xlink=\"http:\/\/www.w3.org\/1999\/xlink\" x=\"0px\" y=\"0px\" width=\"16px\" height=\"16px\" viewBox=\"0 0 16 16\" style=\"fill:currentColor;\" xml:space=\"preserve\"><polygon class=\"st0\" points=\"8,12 2,4 14,4 \"><\/polygon><\/svg>\n                        <\/div>\n                      <\/div>\n                      <div class=\"u-form-group wpcf7-form-control-wrap u-form-submit wpcf7-form-control\">\n                        <a href=\"#\" class=\"u-btn u-btn-submit wpcf7-submit u-button-style u-white u-btn-2\" data-dependency=\"[{&quot;action&quot;:&quot;show&quot;,&quot;field&quot;:&quot;select&quot;,&quot;condition&quot;:&quot;equal&quot;,&quot;value&quot;:&quot;JA&quot;}]\">Absenden<\/a>\n                        <input type=\"submit\" value=\"submit\" class=\"u-form-control-hidden\">\n                      <\/div>\n                      <div class=\"u-form-send-message u-form-send-success\">Thank you! Your message has been sent.<\/div>\n                      <div class=\"u-form-send-error u-form-send-message\">Unable to send your message. Please fix errors then try again.<\/div>\n                      <input type=\"hidden\" value=\"\" name=\"recaptchaResponse\">\n                    <input type=\"hidden\" name=\"_contact7_backend\" value=\"1\"><div class=\"wpcf7-response-output\" aria-hidden=\"true\"><\/div>\n<\/form>\n<\/div>\n\n                  <\/div>\n                <\/div>\n              <\/div>\n            <\/div>\n          <\/div>\n        <\/div>\n      <\/div>\n    <\/section>\n    <section class=\"u-clearfix u-section-10\" id=\"sec-ff89\">\n      <div class=\"u-clearfix u-sheet u-sheet-1\"><\/div>\n    <\/section>\n    \n    \n    \n  \n","protected":false},"excerpt":{"rendered":"<p>Holm Transporte GmbH &amp; Co. KG Previous Next Herzlich Willkommen bei Holm Transporte&nbsp; GmbH &amp; Co.KG Zuverl\u00e4ssigkeit und Qualit\u00e4t der Leistungen zeichnen sich bei uns durch jahrelange Erfahrung aus. Wir sind Ihr Partner f\u00fcr den Transport von frischen und tiefgek\u00fchlten Lebensmittel.&nbsp;Damit Ihre Waren auch \u00fcber gr\u00f6\u00dfere Distanzen sicher transportiert werden k\u00f6nnen und nicht verderben, ist &hellip; <a href=\"https:\/\/www.holm-transporte.de\/\" class=\"more-link\">Continue reading<span class=\"screen-reader-text\"> &#8222;Unternehmen&#8220;<\/span><\/a><\/p>\n","protected":false},"author":1,"featured_media":0,"parent":0,"menu_order":1,"comment_status":"closed","ping_status":"closed","template":"","meta":{"footnotes":""},"_links":{"self":[{"href":"https:\/\/www.holm-transporte.de\/index.php?rest_route=\/wp\/v2\/pages\/110"}],"collection":[{"href":"https:\/\/www.holm-transporte.de\/index.php?rest_route=\/wp\/v2\/pages"}],"about":[{"href":"https:\/\/www.holm-transporte.de\/index.php?rest_route=\/wp\/v2\/types\/page"}],"author":[{"embeddable":true,"href":"https:\/\/www.holm-transporte.de\/index.php?rest_route=\/wp\/v2\/users\/1"}],"replies":[{"embeddable":true,"href":"https:\/\/www.holm-transporte.de\/index.php?rest_route=%2Fwp%2Fv2%2Fcomments&post=110"}],"version-history":[{"count":5,"href":"https:\/\/www.holm-transporte.de\/index.php?rest_route=\/wp\/v2\/pages\/110\/revisions"}],"predecessor-version":[{"id":135,"href":"https:\/\/www.holm-transporte.de\/index.php?rest_route=\/wp\/v2\/pages\/110\/revisions\/135"}],"wp:attachment":[{"href":"https:\/\/www.holm-transporte.de\/index.php?rest_route=%2Fwp%2Fv2%2Fmedia&parent=110"}],"curies":[{"name":"wp","href":"https:\/\/api.w.org\/{rel}","templated":true}]}}